- 16 = v. List the prime factors of d.
3, 5
Let r(v) = 14*v. List the prime factors of r(6).
2, 3, 7
Let d = -168 + 266. List the prime factors of d.
2, 7
Suppose -22*z = -19*z - 87. List the prime factors of z.
29
Suppose -i + 72 - 30 = 0. List the prime factors of i.
2, 3, 7
Let p(w) = -w**3 - 6*w**2 + w + 6. Let a be p(-6). Suppose 0 = -4*u - 4, a = 2*v - 4*u + 2*u - 20. List the prime factors of v.
3
Suppose 6*h + 702 = 12*h. What are the prime factors of h?
3, 13
Let j(q) = -7*q + 9. Let v(d) = -d + 1. Let k(t) = j(t) - 5*v(t). List the prime factors of k(-3).
2, 5
Let u(l) = 5*l - 3. Suppose -3*s = -5*h + 1 - 5, 0 = s - 5*h + 2. List the prime factors of u(s).
2, 3
Let u = -110 - -158. List the prime factors of u.
2, 3
Let k(q) = 4*q + 1 - 15*q + q**2 + 2. Let p(m) = m**2 - 1. Let j(x) = k(x) - 2*p(x). List the prime factors of j(-11).
5
Suppose p = -2*p - 93. Let j = 52 + p. What are the prime factors of j?
3, 7
Suppose 6 = -2*q, u + 2*q = 4*q + 8. Suppose -14 = -u*b - 2. What are the prime factors of b?
2, 3
Let d = 3 + 1. Suppose -x + 3*x = 0. Suppose x = v - 3*r - 2, -d*r - 17 = -3*v - 1. List the prime factors of v.
2
Suppose 9 = r + 2*r. What are the prime factors of (8/r)/((-5)/(-15))?
2
Suppose 29 + 21 = -5*l. Let r be (-4)/l - 168/(-30). Suppose -5*g = -r - 4. What are the prime factors of g?
2
Let q(x) = x**2. Let o be q(2). Suppose 4*l + o + 6 = 2*w, 2*l - 2*w = -10. Let n(c) = -c**2 + c + 13. List the prime factors of n(l).
13
Let v(z) = -z**3 + 9*z**2 - 9*z + 8. Let a be v(8). Suppose b - 5*b = a. Suppose b = 3*c + 4 - 34. List the prime factors of c.
2, 5
Let l(h) = h**3 - 14*h**2 - 22*h + 2. Let d be l(15). Let b = d + 154. List the prime factors of b.
3, 17
Suppose -2*o = 2*o - 2*v - 116, -4*v = -4*o + 112. What are the prime factors of o?
2, 3, 5
Let c = -8 + 6. Let j be (-32)/6*3/c. Suppose 6 + j = 2*d. What are the prime factors of d?
7
Suppose 0*g = 5*f + 5*g - 55, -g = 4*f - 32. Suppose 2*l - 92 = -f*n + 3*n, 0 = 4*l. List the prime factors of n.
23
Suppose j - 19 = 18. Suppose -2*g = j + 1. Let h = 31 + g. What are the prime factors of h?
2, 3
What are the prime factors of (-3)/5 - (-3230)/50?
2
Suppose -2*c - 3*c + 48 = 2*h, 2*c = 4*h + 24. What are the prime factors of c?
2, 5
Let i(j) = 7*j**2 + 5*j - 2. Let a be i(-4). Let k = a - 20. Suppose 4*m = 5*c + k, 2*c = 5*m - 3*m - 34. What are the prime factors of m?
3, 5
Let z(a) be the second derivative of -a**6/90 - a**4/12 - a. Let k(q) be the third derivative of z(q). What are the prime factors of k(-2)?
2
Let d be (2/(-6)*-3)/1. Let a(i) = 3*i + 1. Let g be a(d). Suppose -4*o + h + 36 = 5*h, -o + g*h + 29 = 0. List the prime factors of o.
13
Let u(r) = -r - 4*r**2 - 4 + 0 - r**3 + 5. Let d be u(-4). Suppose -d*i = -24 - 6. What are the prime factors of i?
2, 3
Let u(a) = a + 13. List the prime factors of u(13).
2, 13
Suppose -5*n = -2*n - 3, -3*n + 11 = -z. Let f(g) be the third derivative of g**5/60 + g**4/4 - 11*g**3/6 - 9*g**2. What are the prime factors of f(z)?
5
Suppose 2*w + 0*w = 32. What are the prime factors of w?
2
Suppose 12 = -2*j - 4*l, 0*j + 3*j + 12 = -4*l. Let y(b) = -2*b - 19. Let n be y(-10). What are the prime factors of (n - j)/(2/6)?
3
Let u(n) be the first derivative of -n**3/3 - 13*n**2/2 - 13*n + 3. List the prime factors of u(-10).
17
Suppose q - 3*q = -2*i + 4, -4*q + i - 17 = 0. Let p = -7 - q. What are the prime factors of (-23)/(-4) + p/(-8)?
2, 3
Let q = 49 + 97. List the prime factors of q.
2, 73
Let m be 101/(-4) + 3/12. Let p = m + 57. Suppose 5*i = 33 + p. List the prime factors of i.
13
Let r(x) = -8 - 3*x + 2*x**2 + 11 + 1. List the prime factors of r(4).
2, 3
Let q(r) = -4*r**2 + 9*r - 5. Let c(y) = 3*y**2 - 9*y + 5. Let v(o) = -3*c(o) - 2*q(o). What are the prime factors of v(6)?
13
Let f(y) be the second derivative of y**3 - 11*y**2/2 - 9*y. What are the prime factors of f(10)?
7
Suppose -q + 4*h - 3 = 0, -2*h = 5*q - 17 + 54. What are the prime factors of (7 + -8)/(1/q)?
7
Let m be 0 + 2/(-2) + 0. Let p = -1 - m. List the prime factors of -4*(p + 2*-1).
2
Let u = -5 + 4. List the prime factors of 14 + 2 + u - 2.
13
Suppose 1 + 29 = 5*f. Let i = -4 + f. List the prime factors of -2 + 6/i + 14.
3, 5
Let w(q) = -16*q + 6. What are the prime factors of w(-3)?
2, 3
Let y(k) = -k**3 + 9*k**2 - 8*k - 7. List the prime factors of y(7).
5, 7
Let c be (-58)/(-4) + (-2)/4. Suppose 0 = 3*t + 13 + c. List the prime factors of 12/t*(1 + -7).
2
Let f(s) = -s**2 + 7*s - 8. Let y be f(6). List the prime factors of (3 + y)*12*1.
2, 3
What are the prime factors of (-1 + (-2)/(-3))*-69?
23
Let g = 10 - 18. Let p = -17 - 2. Let a = g - p. List the prime factors of a.
11
Let r = 75 - 48. What are the prime factors of r?
3
Let y = 21 + 19. Let a = -17 + y. List the prime factors of a.
23
Let b(t) = t**2 - 1. What are the prime factors of b(7)?
2, 3
Let s(i) be the third derivative of -i**6/60 - i**5/30 + i**4/12 - i**3/6 + 4*i**2. What are the prime factors of s(-3)?
29
Suppose -5*d - 37 = -2*l + 53, 0 = -l. Let y = -9 - d. Suppose -4*h + y = -23. List the prime factors of h.
2
Let q(g) = -g - 1 - 1 + 2*g + 0*g. Let u be q(2). Suppose u = -3*f + 10 - 1. What are the prime factors of f?
3
Suppose -6 = 2*x, -x - 7 = -2*i - 0*i. Let o be (5/3)/(i/6). Suppose o*m - 34 = -9. List the prime factors of m.
5
List the prime factors of 8911/95 + (-1)/(-5).
2, 47
Suppose 15 = b + 2*s, -3*b - 2*s + 83 = 2*b. List the prime factors of b.
17
Suppose -15 = -4*s + 13. List the prime factors of s.
7
Let f be 6/2 - (-2)/2. Let t be f/3*15/10. List the prime factors of 5*(3 + 1 - t).
2, 5
What are the prime factors of (-1)/(-4 - 2) + (-2710)/(-12)?
2, 113
Let d(w) be the first derivative of w**4/4 - 2*w**3/3 - 2*w - 2. What are the prime factors of d(3)?
7
Let l be (18/15)/((-2)/(-50)). Let a = -21 + l. What are the prime factors of a?
3
Let y = 51 + -3. Let u be (-2)/11 + y/22. Suppose -5*x = -3*x - 4, -5*o + 16 = -u*x. List the prime factors of o.
2
Suppose -3*o - o = 72. Let i = 28 + o. What are the prime factors of i?
2, 5
Suppose 15*f + 37 = 16*f. What are the prime factors of f?
37
Let c = 1 - 4. Let k be (c/9)/(1/9). Let i = k + 5. List the prime factors of i.
2
Suppose 0 = 3*j - 6*j - x + 29, -4*j = x - 40. Let c = 20 - j. What are the prime factors of c?
3
Let f = 10 - -13. What are the prime factors of f?
23
Let l = 11 + -17. Let x be (2/l)/(5/(-45)). Let j = x - 0. List the prime factors of j.
3
Suppose -5*g + 4 = -g - y, -2*g = -3*y - 2. Suppose 3*k - 4 = k. Let t = k + g. List the prime factors of t.
3
Let x be ((-32)/12)/((-4)/78). Let l(i) = -i**2 - 8*i - 9. Let s be l(-6). Suppose 0 = -5*k + h + x, s*k + h = -0*k + 36. What are the prime factors of k?
11
Let a = 94 - 47. What are the prime factors of a?
47
Suppose 4 = -0*b + 4*b. Suppose -u + b = -2*m - 5, 12 = -4*m - 2*u. Let p = m - -5. List the prime factors of p.
2
List the prime factors of (1*-3 + (-528)/(-40))*5.
3, 17
List the prime factors of 3/(-6) - 783/(-6) - -4.
2, 67
Suppose -4*l - 35 = -h + l, -7 = -h - 2*l. What are the prime factors of h?
3, 5
Let n(f) = f**3 - 9*f**2 - 12*f + 13. Let v be n(10). Suppose d - 32 = 5*d. What are the prime factors of (-145)/v - d/28?
3, 7
Let v(r) = 2*r**3 - 5*r**2 - 3*r**3 - 2*r + 0 + 3. What are the prime factors of v(-5)?
13
Suppose k + 27 = 6*f - 2*f, 5*k + 15 = 5*f. List the prime factors of f.
2
Let n = -58 - -98. List the prime factors of n.
2, 5
Let m(o) = o**3 - 2*o**2 - 3*o. Let s be (-9)/(-3) + 2 + -2. Let l be m(s). Suppose -w - w + 12 = l. What are the prime factors of w?
2, 3
Suppose 5*v + 3*c = 4, -v + 2*c + 0*c - 7 = 0. List the prime factors of v/(-3) - 1572/(-36).
2, 11
Let l(g) be the second derivative of g**7/2520 - g**6/144 + 7*g**5/120 - g**4/6 - 2*g. Let p(q) be the third derivative of l(q). List the prime factors of p(6).
13
Let v be 1212/21 - (-6)/21. Suppose 4*c + v = 5*c. List the prime factors of c.
2, 29
Let n(a) = -a**3 + 2*a. Let o be n(-2). Suppose 5*k - o*l - 130 = 0, k = -l - 9 + 35. List the prime factors of k.
2, 13
Let m(a) = -7*a**3 - 3*a**2 - 3*a + 6. What are the prime factors of m(-3)?
3, 59
Suppose 2*g + 0*g = 68. List the prime factors of g.
2, 17
Suppose 0 = -6*y + 5*y + 15. List the prime factors of y.